ded by 2?
0
Let y(w) = 22*w + 6. What is the remainder when y(4) is divided by 16?
14
Let d be -3 + 0 + 2 + 4. Let k = d - -28. Calculate the remainder when k is divided by 17.
14
Let p(b) be the third derivative of 0*b - 1/3*b**3 + 0 + 1/8*b**4 - b**2. What is the remainder when p(4) is divided by 4?
2
Suppose 4 = 4*a - 2*a. Suppose -3*v + a*q - 4*q + 22 = 0, q - 13 = -2*v. Let d(k) = k + 1. What is the remainder when d(v) is divided by 3?
2
Suppose -8*o + 3*o - 90 = -5*f, 52 = 3*f - o. Calculate the remainder when f is divided by 9.
8
Suppose 2*a - 4*m - 38 = 0, 16 - 1 = -3*m. What is the remainder when 51 is divided by a?
6
Suppose -2*o + 4*g + 83 = 3*g, o = 3*g + 29. What is the remainder when o is divided by 15?
14
Suppose o + 3*t = 7, 3*o - 3*t - 7 = 26. Calculate the remainder when o is divided by 4.
2
Let m(s) = 3*s + 5. Let p be m(-3). What is the remainder when 16 is divided by (-25)/(-5)*p/(-2)?
6
Suppose 29 - 253 = -8*p. Calculate the remainder when p is divided by 16.
12
Suppose 3*d - 2*i - 71 = 0, 2*i - 79 = -3*d - 0*d. Calculate the remainder when 49 is divided by d.
24
Suppose -s + 16 = -3. What is the remainder when s is divided by 10?
9
Let u be (-6)/(-5)*100/30. Suppose 10 = -u*t - 10, 0 = -3*r - 3*t + 51. What is the remainder when r is divided by 8?
6
Calculate the remainder when (0 - -24)*(-27)/(-12) is divided by 14.
12
Suppose 2*g - 5*s = -14, 6*s - 12 = 3*s. Suppose -y - g*z + 2 = -0*z, 2*z - 12 = -2*y. Calculate the remainder when 15 - (-3)/9*0 is divided by y.
7
Suppose -5*p = -8 - 22. Let m(x) = x**2 - 5*x + 7. Calculate the remainder when p is divided by m(4).
0
Let w be 21/6 + 6/(-4). Let s be (-8)/(-3) - w/3. Suppose -g + s + 0 = 0. What is the remainder when g is divided by 1?
0
Let l(z) = -z**3 + 5*z**2 + 7*z - 3. Let w be l(6). What is the remainder when w*(-22)/(-9)*3 is divided by 12?
10
Let p(s) = s - s**2 + 0*s + s + 5 + 2*s. What is the remainder when p(4) is divided by 2?
1
Suppose -4*j - 9 = -29. Suppose -j*z - 25 = 0, -c - 4*z = 3*c + 4. Let o = 4 + 5. Calculate the remainder when o is divided by c.
1
Let w = 56 + -28. Suppose -w = -2*r - 6. What is the remainder when 21 is divided by r?
10
Let w = -3 + 13. What is the remainder when w is divided by (24/(-10))/((-2)/5)?
4
Suppose -4*q + 62 = -2*o, o - q + 35 = -3*q. Let h = -1 - o. Let k = -14 + h. What is the remainder when 35 is divided by k?
17
Let t(o) = o**3 + 6*o**2 - 9*o - 6. Calculate the remainder when 37 is divided by t(-7).
5
Suppose -2*l = 2*l - 92. Let m(d) = d**3 - 3*d**2 - 2*d. Calculate the remainder when l is divided by m(4).
7
Let m(n) = -n**2 - 12*n - 31. Calculate the remainder when 19 is divided by m(-6).
4
Suppose 6*g - 3*g = 9. Calculate the remainder when 16 is divided by 2*g*(-11 + 12).
4
Let o(z) = z**2 + 4*z + 6. Let h be (-9 + 8)/(1/(-4)). Suppose 36 + h = 4*w. What is the remainder when o(-6) is divided by w?
8
Suppose 0 = -5*d + 73 + 77. Let s = 82 + -74. What is the remainder when d is divided by s?
6
Let t = 18 + 63. Suppose 4*y - 11 = 101. What is the remainder when t is divided by y?
25
What is the remainder when 30 is divided by (-130)/(-8) - (-3)/(-12)?
14
Suppose 0 = -2*a - 0 + 8. Suppose a*q = -5*x + 221, 3*x + 0 = -4*q + 211. What is the remainder when q is divided by 17?
15
Suppose 0 = -c + 3, -4*j - j = -3*c - 381. Suppose -4*r + j = -86. Calculate the remainder when r is divided by (-215)/(-15) - 1/3.
13
Let m be 10*(-1 - 6/(-4)). Suppose 0 = m*p - 3*p - 8. Suppose p*i - 23 = 29. What is the remainder when 25 is divided by i?
12
Let n(c) = -87*c - 17. Calculate the remainder when n(-1) is divided by 37.
33
Suppose -v = -5*m + 52, -8*m = -4*m - 4*v - 32. What is the remainder when 32 is divided by m?
10
Let t be (1 + 0)*5/5. Suppose -5*g + 49 + t = 0. Calculate the remainder when 28 is divided by g.
8
Let f(v) = 2*v**2 - 3*v - 6. Let c be f(-4). Suppose 4*u + g = c, -10 + 41 = 3*u + 2*g. Calculate the remainder when 24 is divided by u.
6
What is the remainder when 86 is divided by (-16)/(-88) + (-480)/(-22)?
20
Let w = 6 + -4. Suppose -3*z + 2*z = -w, -3*z - 123 = 3*p. Let r = p + 62. Calculate the remainder when r is divided by 7.
5
Suppose 4*w = 20, w - 21 = -4*j + 8. Let b = 13 - j. Let p(y) = 5*y + 6. What is the remainder when p(b) is divided by 14?
13
Let m = 10 + -8. Suppose c = m*c - 2*h - 15, 3*c - 48 = 5*h. What is the remainder when c is divided by 11?
10
Suppose 2*i - 163 = f, -3*i = -f + 2*f - 242. Calculate the remainder when i is divided by 17.
13
Let p(s) = 4*s**2 - 10*s - 16. Let y(x) = 5*x**2 - 11*x - 17. Let i(v) = 4*p(v) - 3*y(v). Calculate the remainder when 13 is divided by i(9).
3
Let q = 4 + 11. Calculate the remainder when -28*(12/(-8) - 0) is divided by q.
12
Suppose 4*p = -3*q + 10, -3*p + 2 = -4*q - 18. Suppose -p*o + 6*o + 2*x = 56, 0 = 2*o + 4*x - 64. Calculate the remainder when o is divided by 13.
11
Suppose n - 5*q = -0*n + 111, 0 = 5*q + 5. What is the remainder when n is divided by 37?
32
Let o = -11 + -48. Let t = o + 85. What is the remainder when 102 is divided by t?
24
Let o be (11/(-3))/(2/(-6)). Let b = 25 - o. What is the remainder when b is divided by 5?
4
Let g(m) = m**3 + m**2 + 39. Let p be g(0). Let q = -27 + p. Calculate the remainder when 153/6*4/3 is divided by q.
10
Suppose 0 = 4*a + 5*m - 309, 0 = 4*a - 3*a - 5*m - 96. Calculate the remainder when a is divided by 15.
6
Suppose 12*b - 800 = -4*b. Suppose 0 = 2*n - 21 - 15. Calculate the remainder when b is divided by n + (4 + -2 - 3).
16
Let b(l) = l**3 - 2*l**2 + l + 1. What is the remainder when b(5) is divided by 28?
25
Suppose -2*y + 0 + 8 = 4*s, 3*s = -y + 6. Suppose -r - 2*r + 6 = y, 3*q + r - 20 = 0. Calculate the remainder when 9 is divided by q.
3
Suppose -4*x = 15 - 107. Let h(z) = -z**2 - 6*z - 1. Let t be h(-9). Let v = 40 + t. Calculate the remainder when x is divided by v.
11
Suppose -5*r - 3*w = -0*w - 20, r - 12 = w. Calculate the remainder when 2224/(-280)*-5 - (-4)/14 is divided by r*(2 - -4)/2.
19
Suppose 3*m - 4 = 2. Suppose -29 = -3*f - 26. Calculate the remainder when m is divided by f.
0
Let o = -16 + 44. Calculate the remainder when o is divided by 5.
3
Suppose -2*m = -m - 65. What is the remainder when m is divided by 22?
21
Let o be (-2)/(-4) - (-2)/(-4). Let g(v) = -v**3 + v**2 + v + 21. What is the remainder when g(o) is divided by 11?
10
Suppose 0*n - 2*n - 5*x = -71, 5*n = 5*x + 90. What is the remainder when 44 is divided by n?
21
Let a = 15 - -21. What is the remainder when a is divided by 10?
6
Let b be (-1 - -2)*-1 - -4. Suppose 0 = -2*o + 2*c + 20, -b*c - c + 14 = 5*o. What is the remainder when (-9 - -3)/(o/(-20)) is divided by 11?
9
Let n(y) = -y**3 + y**2 + 4*y + 135. Calculate the remainder when n(0) is divided by 34.
33
Let o(d) = d**3 - 13*d**2 - 14*d + 14. What is the remainder when 55 is divided by o(14)?
13
Let w(u) = -u**3 + 6*u**2 + 7*u + 3. Let i be w(7). Let y(o) = 2*o**2 - 2*o + 4. Calculate the remainder when y(i) is divided by 9.
7
Let s(z) = -2*z + 1. Let p(w) = 2*w**2 + 6*w + 15. Calculate the remainder when p(-4) is divided by s(-4).
5
Let s(j) = j**2 + 10*j + 10. Let y be s(-8). Calculate the remainder when 14 is divided by 23/5 - y/15.
4
Suppose 3*d - 253 + 73 = 0. Calculate the remainder when d is divided by 22.
16
Suppose 4*l = -4*w + 88, 3*l + 88 = 4*w - l. Calculate the remainder when 64 is divided by w.
20
Let i = 6 - 3. Let u be i/9*1*-3. Calculate the remainder when ((0 - 15)/1)/u is divided by 8.
7
Let i(g) = -3*g + 2. Let v be -3 + 1 + (0 - 2). What is the remainder when 40 is divided by i(v)?
12
Suppose -85 - 235 = -4*s. Suppose 2 = -w, s = 4*m - w - 42. Calculate the remainder when m is divided by 16.
14
Let d = 61 + -40. Let q(g) = -g**2 - 6*g + 10. Let a be q(-7). Suppose 8*m - 55 = a*m. What is the remainder when d is divided by m?
10
Let j(c) = -16*c - 1. Let k(i) be the first derivative of -i**3/3 + 9*i**2/2 - 6*i - 3. What is the remainder when j(-1) is divided by k(7)?
7
Let n be (-1 - 2)*(-4)/6. Suppose 4*c = 2*c + 5*q + 230, -4*q = -16. What is the remainder when c/n - 3/6 is divided by 21?
20
Let w be (-3)/(12/8) + 2. Suppose -a = -5*v + 75, v + 5*a - 30 - 11 = w. What is the remainder when 30 is divided by v?
14
Let v = 83 + -63. 